{"id":36,"date":"2013-05-28T21:46:22","date_gmt":"2013-05-28T19:46:22","guid":{"rendered":"http:\/\/col-art.ch\/?page_id=36"},"modified":"2019-07-07T15:15:47","modified_gmt":"2019-07-07T13:15:47","slug":"col-art","status":"publish","type":"page","link":"http:\/\/col-art.ch\/?page_id=36","title":{"rendered":"Geschichte"},"content":{"rendered":"<div>\n<p>Siehe auch folgende Suchbegriffe auf Google und in anderen Suchmaschinen:<\/p>\n<ul>\n<li>Koordinierte Kollektivkunst<\/li>\n<li>Holiday Event Murnau &amp; Col-Art<\/li>\n<li>Col-Art &amp; Zweibr\u00fccken<\/li>\n<li>Vier internationale Kreativtage mit Col-Art in Bern<\/li>\n<li>TEA &amp; Col-Art<\/li>\n<li>Col-Art &amp; Bellas Artes<\/li>\n<li>Un mural Col-Art de 103 metros<\/li>\n<li>Arte Col &#8211; un nuevo puente<\/li>\n<\/ul>\n<p>COL-ART (koordinierte Kol-lektivkunst) ist eine internationale, inzwischen historische Kunstrichtung,\u00a0so wie dies z.B. der &#8222;Surrealismus&#8220;, die &#8222;Pop-Art&#8220; oder der &#8222;abstrakte Expressionismus&#8220; sind, wobei das\u00a0Besondere von Col-Art ist, dass sie meist zwei bis beliebig viele Kunstrichtungen in einem Gemeinschatfswerk zusammenbringt und verbindet.<br \/>\nCOL-ART ist zudem DIE Kunstrichtung, die am meisten Idealen einer menschlichen, freien und kreativen\u00a0Demokratie entspricht..<br \/>\nObschon in den vergangenen 45 Jahren Dutzende von museumsw\u00fcrdigen Col-Art-Kunstwerken entstanden sind, ist diese wesentliche Kunstrichtung in der weltweiten Kunstszene noch wenig bekannt.\u00a0Grund: Sie war 34 Jahre lang (von 1972 bis 2006) fast nur im p\u00e4dagogischen und therapeutischen Bereich t\u00e4tig (mit vielen neuen Ideen und zahlreichen dementsprechenden Publikationen).\u00a0Vieles deutet darauf hin, dass sie in den kommenden Jahrzehnten die ihr zustehende Anerkennung\u00a0finden und eine weltweite Entfaltung ungeahnten Ausmasses erfahren wird..!<\/p>\n<p><strong>Was bedeutet \u201cCol-Art\u201d ?<\/strong><\/p>\n<p><em id=\"__mceDel\"> Zuerst mal eine Abk\u00fcrzung f\u00fcr \u201ckoordinierte Kollektivkunst\u201d: Kunstschaffende mit verschiedensten Stilen treffen sich mit ihren Beitr\u00e4gen in einem Gemeinschaftskunstwerk, wobei die Komposition koordiniert wird.<br \/>\nDie internationale und inzwischen historische Col-Art-Bewegung erlebt seit f\u00fcnf Jahren eine bemerkenswert aufbl\u00fchende Renaissance!<\/em><\/p>\n<p><a href=\"http:\/\/col-art.ch\/wp-content\/uploads\/Nr1.jpg\"><img loading=\"lazy\" class=\"alignnone size-medium wp-image-101\" alt=\"Nr1\" src=\"http:\/\/col-art.ch\/wp-content\/uploads\/Nr1-234x300.jpg\" width=\"234\" height=\"300\" srcset=\"http:\/\/col-art.ch\/wp-content\/uploads\/Nr1-234x300.jpg 234w, http:\/\/col-art.ch\/wp-content\/uploads\/Nr1.jpg 447w\" sizes=\"(max-width: 234px) 100vw, 234px\" \/><\/a><\/p>\n<p><a href=\"http:\/\/col-art.ch\/wp-content\/uploads\/nr1-artists.jpg\"><img loading=\"lazy\" class=\"alignnone size-medium wp-image-102\" alt=\"nr1 artists\" src=\"http:\/\/col-art.ch\/wp-content\/uploads\/nr1-artists-300x73.jpg\" width=\"300\" height=\"73\" srcset=\"http:\/\/col-art.ch\/wp-content\/uploads\/nr1-artists-300x73.jpg 300w, http:\/\/col-art.ch\/wp-content\/uploads\/nr1-artists.jpg 461w\" sizes=\"(max-width: 300px) 100vw, 300px\" \/><\/a><\/p>\n<div>\n<p><strong>Das erste Col-Art-Bild, entstanden 1968 in Z\u00fcrich:<\/strong><br \/>\nDrei Maler, drei Generationen, drei Kulturen, drei Malstile, jeder Kunstmaler mit drei Teilen im Gemeinschaftsbild vertreten.<\/p>\n<\/div>\n<div>\n<p><strong>In wenigen Worten die Geschichte der Col-Art-Bewegung<\/strong><br \/>\nGleich nach ihrer Geburt 1968 in Zuerich findet die Col-Art-Bewegung viel Interesse und beachtliche Erfolge, u.a. in Biel-Bienne, Bern, Basel, Genf, in Paris, Mailand, New York, Mexico City, in Bielefeld, K\u00f6ln, Frankfurt, M\u00fcnchen, Hannover&#8230;<br \/>\nIn weniger als drei Jahren beteiligen sich \u00fcber 100 Kunstmaler aus 20 L\u00e4ndern und hunderte von Liebhabern an Col-Art-Realisationen. Ab 1972 weitet sich die Bewegung aus in die Bereiche der P\u00e4dagogik, der Therapie, der Freizeitgestaltung, sie publiziert mehrere B\u00fccher, gibt hunderte von Seminaren kreativer Kommunikation in der Gruppe !<br \/>\nAber erst im Jahre 2006 gelingt (in Mexico) die Renaissance von Col-Art als wesentlicher und vielversprechender Kunstrichtung des 20.sten UND 21.sten Jahrhunderts &#8230;<\/p>\n<\/div>\n<p>\u201c&#8230;Col-Art ist DIE Pionierbewegung zahlreicher aktueller kollektiver Realisationen in der modernen Kunstszene. Ich kenne nicht wenige Kollegen, die tieferen Kontakt zueinander gefunden haben durch ihre Teilnahme an Col-Art-Projekten. &#8230;\u201d<br \/>\nH.P.Kohler, Biel-Bienne, Kunstmaler<\/p>\n<p>\u201c&#8230;Mit Col-Art sind wir st\u00e4rker !\u201d<br \/>\nOmar Yamil, Kulturzentren Aronas<\/p>\n<p>\u201cCol-Art heisst in Gemeinschaft kreiieren und sich ausdr\u00fccken; der Musik des anderen zulauschen, die sich in subtilen Formen auf der Leinwand &#8211; die man unter sich aufgeteilt hat- manifestiert, und ihr zu antworten. Col-Art ist eine Vielzahl an Emotionen, die eine dynamische Harmonie entstehen l\u00e4sst, im Werk selbst und zwischen den Teilnehmern. Es ist ein Moment gemeinsamen Gl\u00fcckes !\u201d<br \/>\nChristelle Daniel, Schriftstellerin, Paris<\/p>\n<p>\u201cIch war erst skeptisch, weil kreatives Ich- Gefuehl &amp; Abwesenheit direkter sozialer Kontrolle mir bei der k\u00fcnstlerischen Arbeit immer schrecklich wichtig sind. Was erlebte ich dann mit Col-Art?<br \/>\nDas Eigene wurde hundertprozentig respektiert und auf die sch\u00f6nste Weise ins Gemeinsame erweitert. Und das macht Freude !\u201c&#8230;<br \/>\nJanne Moragiannis, Gymnasiallehrerin, Berlin<\/p>\n<\/div>\n","protected":false},"excerpt":{"rendered":"<p>Siehe auch folgende Suchbegriffe auf Google und in anderen Suchmaschinen: Koordinierte Kollektivkunst Holiday Event Murnau &amp; Col-Art Col-Art &amp; Zweibr\u00fccken Vier internationale Kreativtage mit Col-Art in Bern TEA &amp; Col-Art Col-Art &amp; Bellas Artes Un mural Col-Art de 103 metros Arte Col &#8211; un nuevo puente COL-ART (koordinierte Kol-lektivkunst) ist eine internationale, inzwischen historische Kunstrichtung,\u00a0so [&hellip;]<\/p>\n","protected":false},"author":1,"featured_media":0,"parent":0,"menu_order":0,"comment_status":"closed","ping_status":"closed","template":"","meta":[],"_links":{"self":[{"href":"http:\/\/col-art.ch\/index.php?rest_route=\/wp\/v2\/pages\/36"}],"collection":[{"href":"http:\/\/col-art.ch\/index.php?rest_route=\/wp\/v2\/pages"}],"about":[{"href":"http:\/\/col-art.ch\/index.php?rest_route=\/wp\/v2\/types\/page"}],"author":[{"embeddable":true,"href":"http:\/\/col-art.ch\/index.php?rest_route=\/wp\/v2\/users\/1"}],"replies":[{"embeddable":true,"href":"http:\/\/col-art.ch\/index.php?rest_route=%2Fwp%2Fv2%2Fcomments&post=36"}],"version-history":[{"count":51,"href":"http:\/\/col-art.ch\/index.php?rest_route=\/wp\/v2\/pages\/36\/revisions"}],"predecessor-version":[{"id":99,"href":"http:\/\/col-art.ch\/index.php?rest_route=\/wp\/v2\/pages\/36\/revisions\/99"}],"wp:attachment":[{"href":"http:\/\/col-art.ch\/index.php?rest_route=%2Fwp%2Fv2%2Fmedia&parent=36"}],"curies":[{"name":"wp","href":"https:\/\/api.w.org\/{rel}","templated":true}]}}